of d(-9).
3, 7
Let n(z) = -6*z + 19. What are the prime factors of n(-7)?
61
Suppose 5*o - 12 = 28. Suppose 0 = -2*x - 4, -4*q - x + o = -5*x. Suppose q = 3*c + k - 8, k + 19 = 3*c + 3. List the prime factors of c.
2
Suppose 4*m - 234 = 5*b - 11, 287 = 5*m + 2*b. Let f = m - 34. List the prime factors of f.
23
Suppose 0 = -k - 5*q, -3*k - k + 4*q = -96. List the prime factors of k.
2, 5
Let h be ((-6)/3)/2 + 19. Suppose 2*i = t + h, -4*t + 2 = 2*i + 4. Suppose 3*w - i*w + 19 = 5*j, -j = 3*w - 28. List the prime factors of w.
11
List the prime factors of (-4)/3 + 2 + 434/6.
73
Let h(s) = 7*s**3 + s**2 + 4*s - 2. Let w(i) = 6*i**3 + 3*i - 1. Let c(x) = -4*h(x) + 5*w(x). Suppose 3 = 2*z - z. What are the prime factors of c(z)?
2, 3
Suppose l = -3*l + 4*g + 100, 4*l - 95 = 5*g. List the prime factors of l.
2, 3, 5
Let o(m) = 8*m + 9. Let t(w) = -7*w - 8. Let r(h) = 5*o(h) + 6*t(h). Let f be r(-4). Suppose n = f*n - 24. List the prime factors of n.
2, 3
Suppose -4*r + 3*r + 8 = 0. Suppose -3*f = -f - r. Let q = -1 + f. List the prime factors of q.
3
Let v(h) = -h**3 - 11*h**2 - 13*h - 12. List the prime factors of v(-10).
2, 3
Let q be (-2)/3 - 92/(-3). Suppose -2*a - q = 3*a. Let r = a + 9. List the prime factors of r.
3
Suppose 0*s + 3 = s - 2*h, -5*s = -4*h - 9. Let n(v) = 11*v**2 + v - 1. Let p be n(s). Suppose -p = 3*g - 38. List the prime factors of g.
3
Let s(y) = y**2. Let c be s(0). What are the prime factors of 6 + -4 - (c - 15)?
17
Let w(m) = m**3 - 2*m**2 + 2. Let x be w(2). Suppose -3*h + 50 = -5*b, -2*h - x*h = b - 36. List the prime factors of h.
2, 5
Suppose 2*h = 6*h + 72. Let t = h + 37. What are the prime factors of t?
19
Suppose 0*f = -2*f + 74. List the prime factors of f.
37
Let m be 12/(-54) + 580/18. Let g be (-8)/m - 11/4. Let f(x) = x**2 + x + 4. What are the prime factors of f(g)?
2, 5
Let a be (0/1)/1 - 0. Suppose 5*c + 0*r - 70 = -2*r, a = c + r - 14. List the prime factors of c.
2, 7
Let v be 2*(1 + -3 + 8). Suppose -2*l + v = y, y - 6*y = -10. Suppose 2*p - 10 = -w + p, 0 = 3*w - l*p - 70. List the prime factors of w.
3, 5
Suppose 1 = -d - 2. Let u(b) = 3*b**2 + 5*b + 2. List the prime factors of u(d).
2, 7
Let u be 2 + (0/(-1))/(-2). Suppose u = 4*b + 2*j, j = -j - 6. What are the prime factors of 2*(-5 + b)/(-3)?
2
Suppose 2*n + 9 = g + 2, -3*n + 5*g - 28 = 0. Let h = n - -7. What are the prime factors of h?
2, 3
Suppose 8 = 5*n - 2. Suppose 3 = -l + 7, 4*x + n*l - 52 = 0. List the prime factors of x.
11
What are the prime factors of -30*(-5)/(-10)*-2?
2, 3, 5
Suppose -p - 3*p = -32. What are the prime factors of (6/p)/((-1)/(-16))?
2, 3
Let g(n) = -n**3 + 6*n**2 - 4*n. Let k be g(5). Suppose -5*v - 19 = -2*a, a + k*v + 9 = -2*a. Suppose -a = -5*u + 8. List the prime factors of u.
2
Let x be (2 - -1)/((-3)/(-42)). Suppose 4*k = 2*s + 2, 13 - 2 = k + 3*s. Suppose -3*g + 5 = -k*g - 2*b, 0 = -4*g - 3*b + x. List the prime factors of g.
3
Let z be (-2)/6 - 512/(-24). Suppose 0 = -2*g + 5 + z. List the prime factors of g.
13
Let x be (-146)/(-4)*(-12)/6. Let n be (-6)/(-10) + x/5. What are the prime factors of 2 + (0 - n) + -1?
3, 5
What are the prime factors of (-53 + 1)*(-16)/64?
13
Let n = -36 + 73. Let t = n - 61. List the prime factors of (-10 + 1)/(18/t).
2, 3
Let p = 117 + -77. List the prime factors of p.
2, 5
Let a = 27 + -12. Suppose -5*t - a = 0, 2*t - 117 = -4*v + 5*t. List the prime factors of v.
3
Suppose -115 - 21 = -4*d. List the prime factors of d.
2, 17
Let l = -13 + 9. Let z = l + 16. List the prime factors of z.
2, 3
Suppose 5*k + 77 = 4*y + 4, y = 5*k + 37. What are the prime factors of y?
2, 3
Let l(n) = n**2 + 9*n + 10. Suppose -5*j = 3*p + 2, -2*j + 13 = 3. List the prime factors of l(p).
2, 5
Let y(m) = -22*m - 5. Let a be y(-5). Suppose 35 + a = 4*w. Suppose 0 = -4*t + 13 + w. List the prime factors of t.
2, 3
Let g(r) = r**3 - 8*r**2 + 4*r + 5. Let i be g(5). Let c = -29 - i. List the prime factors of c.
3, 7
Let y = 4 + -3. What are the prime factors of y + 9 - 0/2?
2, 5
Let p be 1/5 + 441/45. Let r be (15/p)/(1/2). Suppose -4 = 4*v, 0 = -5*s + r*v + 40 + 13. What are the prime factors of s?
2, 5
Suppose 0 = 4*o + 11 - 59. What are the prime factors of o?
2, 3
Let z(q) be the third derivative of -q**5/60 + q**4/4 - 5*q**3/6 + 2*q**2. Let n(y) = -y - 7. Let o be n(-11). List the prime factors of z(o).
3
Let o(r) = r**3 - 6*r**2 + 2. Let q be o(6). Let y = -1 + 2. What are the prime factors of (q + y)/(1/3)?
3
Let o be (-2 + -1 - 0) + 73. Suppose 60 + o = 2*u. Suppose -6*h = -h - u. List the prime factors of h.
13
Let b = -4 + 9. Suppose -a = -b*k + 12, -2*k + 12 = 3*a - k. What are the prime factors of a/(9/24) - 2?
2, 3
Let k(l) = 3*l**3 - 3*l**2 - 12*l - 9. Let h(s) = s**3 - s**2 - 4*s - 3. Let q(y) = -7*h(y) + 2*k(y). List the prime factors of q(-3).
3
Let i(h) = 3 + 2 - 6 + 4*h. Let v(r) = 16*r - 5. Let m(z) = 9*i(z) - 2*v(z). What are the prime factors of m(2)?
3
Let h(o) be the first derivative of o**4/4 + 7*o**3/3 - 11*o**2/2 - 11*o - 3. List the prime factors of h(-8).
13
Let i be 0/((-2)/(-6)*3). Suppose 0 = 3*b - l - 13, 3*l = 2*b - i*b - 18. Let q = 7 - b. What are the prime factors of q?
2
Suppose -39 = w + 3*j + 51, -2*w - 200 = j. List the prime factors of w/(-10) - 5/25.
2, 5
Let b = 881 + -514. List the prime factors of b.
367
Suppose -5*w = t + 28, -4*t + 9*t = -4*w - 35. Let s(r) be the first derivative of -r**2/2 + 2*r + 6. What are the prime factors of s(t)?
5
Let v(w) = w**3 - 6*w**2 + 1. Let x be v(6). Let h(d) = 39*d**2 + 3*d - 1. What are the prime factors of h(x)?
41
Suppose -6*z - 3*b + 258 = -z, 4*z - 2*b = 224. List the prime factors of z.
2, 3
Suppose 5*m = 4*h - 255, -5*h + 5*m + 315 = -0*m. Suppose d - 5*d + h = 0. What are the prime factors of d?
3, 5
Suppose -q = 4*x + x + 7, -3*x = -3*q + 15. Let c be 5/3 + x/(-6). Suppose c*s - 5*s = -27. List the prime factors of s.
3
Let k(n) = -5*n**3 + n. Let l be k(-1). Let f = -6 + l. List the prime factors of f/(-2) + 7/1.
2
What are the prime factors of 196/10 - (-15)/(-25)?
19
Suppose 4*d - 3*d = 0. Suppose 4*j + 0*j - 8 = d. List the prime factors of j.
2
Let h = -182 + 364. What are the prime factors of h?
2, 7, 13
Suppose -3*w = -16 - 32. Suppose 5 - w = -v. Let b = -4 + v. List the prime factors of b.
7
Let i = -227 - -414. List the prime factors of i.
11, 17
Let r(m) be the first derivative of -m**2 + 4*m - 2. Let u be r(-3). Suppose -5*h = -5*s + u, 2*h + 0*s = -5*s + 31. List the prime factors of h.
3
Let i(z) = z**2 + 2*z - 3. Let a be i(3). Let u = 21 - a. List the prime factors of u.
3
Let m = 7 + -8. What are the prime factors of (-3 - -3 - 8)/m?
2
Let g = 82 + 0. Suppose k - g = -29. What are the prime factors of k?
53
Suppose -15 + 11 = -2*t. List the prime factors of t.
2
Suppose -3*y = 2*r - 4*y + 23, -9 = -3*y. Let i = -16 - r. Let o(x) = -x**2 - 7*x + 8. What are the prime factors of o(i)?
2, 7
Let x = -12 + 21. What are the prime factors of x?
3
Let v be 3/(-1) + (-3 - 31). Let x = v - -81. What are the prime factors of x?
2, 11
Let i be 7/2 - 3/2. Let f(n) = 2*n - 5. Let w be f(5). Suppose i*v + 27 = w*v. List the prime factors of v.
3
Suppose -79 = 5*z + 4*c, -3 = 2*c + c. Let k be (6/z)/(1/40). List the prime factors of k/(-6) + (-1)/(-3).
3
List the prime factors of 19*1 - 39/13.
2
Let g(t) = 13*t**3 + t**2. Let i be g(1). Suppose p + 42 = 4*p - j, 2*j = p - i. List the prime factors of p.
2, 7
Let o(h) = 4*h - 3. Let c be o(2). Let x = 0 - -4. Suppose 5*l - w - 52 = 0, l - 4*w - x = -c. What are the prime factors of l?
11
Suppose -5*q + 2*q = 0. Suppose -2*l + q*l = -46. List the prime factors of l.
23
Suppose -5*m + 4*g = -3*m - 184, 0 = -3*m - 5*g + 309. List the prime factors of m.
2, 7
Let f(h) = h**3 - 5*h**2. Let z be f(5). Let o(s) = s - s + s + z. What are the prime factors of o(4)?
2
Suppose -8*t = -52 - 660. What are the prime factors of t?
89
Let w be (6 - 5)/(2/4). Let d be (-5)/(-10) - 15/w. Let t = d + 10. What are the prime factors of t?
3
Let f be (-1 - 0)/((-1)/2). Suppose -2*v = f*d - 4, 5 = 3*v + 4*d - 0*d. List the prime factors of v.
3
Let s be (-17)/(-6) - 10/(-60). Suppose 2*k = -s*k + 180. List the prime factors of k.
2, 3
Let s = 23 + -16. What are the prime factors